*i - 3*z - 4, 2*i + 5*z = 4 - 28. Let c(m) = -10*m + 42. Let g be c(11). What is the units digit of g/(-4 + i/(-1))?
4
Suppose -2*r + 48 - 10 = -o, -4*o - 98 = -5*r. Let z(j) = j - 6. Let t be z(r). Let d = t - 5. What is the units digit of d?
7
Let n be (18 + -19)/((-2)/(-46)). Let q = n + 24. What is the units digit of q?
1
Let p(t) = -35*t - 142. What is the hundreds digit of p(-15)?
3
Let c be (15/(-9) - -1)/((-10)/45). Suppose -c*w = -27 - 27. What is the tens digit of w?
1
Let x = 42 + -70. Let t = x - -53. What is the units digit of t?
5
Let f = -3 - -1. Let j = -12 - -11. What is the units digit of f/(((-4)/j)/(-4))?
2
Let h = -725 + 1306. What is the hundreds digit of h?
5
Let s(i) = -229*i + 285. What is the tens digit of s(-8)?
1
Let s be ((-30)/(-8))/(12/160). Suppose 3*b + 94 = 5*i - 66, 4*b = 2*i - s. What is the tens digit of i?
3
What is the units digit of (-79)/((-340)/(-38) + -9)?
1
Suppose 4*d - 2*u = 2, 2*d + u = 5*d - 3. Let s = 90 + -52. Suppose 5*z = -4*j + s, -d*z = 5*j - z - 37. What is the units digit of j?
7
Let x(p) = 3*p + 9. Let g(z) = z - 16. Let w be g(11). Let o be x(w). Let k = 5 - o. What is the tens digit of k?
1
Let x = 276 - 103. Suppose -2*i = 41 - x. What is the tens digit of i?
6
Let h be (-1)/(-4) - (-568)/32. Let g = h - 15. Suppose 4*j - g*j = -2*p + 20, 5*j - 4*p - 100 = 0. What is the tens digit of j?
2
Let p be (-304)/(-6) + (-28)/42. Suppose p - 6 = -4*l. Let x = l - -15. What is the units digit of x?
4
Let t be (-5)/(-2) - (20/8 + -3). Suppose 9 = -x - 4*k + t, 3*x - 10 = -5*k. What is the units digit of x?
0
Suppose -3*d = -x + 1022, x + 4*d + d = 982. What is the units digit of x?
7
Let i be (88/14 - 1) + (-14)/49. Let y(x) = 39*x - 15. What is the tens digit of y(i)?
8
Suppose 50371 = 46*b - 29*b. What is the hundreds digit of b?
9
Let s = 7 - 4. Suppose b + s = g, -4*g = -2*g + 3*b - 11. Suppose t - 3 = -5*v, -g*t + 5*v + 11 + 101 = 0. What is the tens digit of t?
2
Let l = 3477 - 1884. What is the hundreds digit of l?
5
Let v = 50 - -44. What is the units digit of v?
4
Let g = 3039 + -67. What is the thousands digit of g?
2
Suppose 2*d = -3*x - 12, -20 = 4*d + 5*x - 0*x. Suppose d = -4*s + 96 + 508. What is the hundreds digit of s?
1
Let z be 0 + 4/4 - -1. Suppose z = -2*k + 5*g + 31, -3*g = -5*k + 25. Suppose -3*v + 4 + k = 0. What is the units digit of v?
2
Let d(q) = -12 + 3*q**2 + q**2 - 6*q**2 - 4*q**2 + 4*q. Let r(k) = -k**2 + k - 1. Let n(o) = -d(o) + 5*r(o). What is the units digit of n(0)?
7
Let q(o) = 104*o**2 - 13*o - 1 + 10*o + 2*o. What is the hundreds digit of q(-1)?
1
Let q(a) = -31*a**3 - 6*a**2 - 26*a + 31. What is the thousands digit of q(-5)?
3
Let t(o) be the third derivative of -3*o**4/8 + o**3/3 + 35*o**2. What is the hundreds digit of t(-11)?
1
Suppose -6654 - 420 = -18*h. What is the units digit of h?
3
What is the hundreds digit of (-1)/(6/(-3856)) - 206/309?
6
What is the hundreds digit of 481 - ((-2)/16 - (-25)/8)?
4
Suppose 6*o = 2*o. Suppose -4*n + 8*n + 16 = o. What is the tens digit of (-1371)/(-39) - n/(-26)?
3
Suppose -13*q = -7*q + 1470. Let a = q + 394. What is the tens digit of a?
4
Suppose 14230 - 59340 = -26*f. What is the thousands digit of f?
1
Suppose -u - 3195 = -n, 0 = 3*n - 6*u + 10*u - 9557. What is the units digit of n?
1
Suppose 4*j = 3*l + 21, -5*j - 4*l = l. Let d = -3 + j. Let w = 2 + d. What is the units digit of w?
2
Let y(t) = t**3 + 3*t**2 - 3*t - 10. Let o be y(-4). Let m = 16 - 28. Let x = m - o. What is the units digit of x?
2
Suppose -3*w - 3*w + 6 = 0. Suppose -9 + w = 4*p. What is the units digit of (p/(-6))/((-12)/(-1224))?
4
What is the tens digit of -1*633*(-110)/330?
1
Let f(b) = 192*b - 172. What is the hundreds digit of f(28)?
2
Suppose -4*n = 161 - 1237. Suppose -4*g = -a + 53, a = -3*a - 3*g + n. What is the units digit of a?
5
Suppose -1440 = 8*s - 16*s. What is the tens digit of s?
8
Let t(m) = 3*m**2 - 2*m - 2. Suppose 5*h - 17 = -c, 0*h + 5 = -h - 3*c. What is the tens digit of t(h)?
3
Let v be ((-10)/12)/(1/(-6)). Suppose p = -3*m - p + 1, -3*m - 4*p + v = 0. What is the units digit of 62/(m*(1 - 3))?
1
What is the units digit of ((-14)/3)/((-8)/72)?
2
Suppose -3*l - 4*i = -30, 0 = -3*l + 2*i + 10 + 2. Let n be ((-18)/l)/(-1*1). Suppose -5 + n = -c. What is the units digit of c?
2
Let w = 17 + -13. Suppose -5 - 1 = -2*f - h, w*h = 16. What is the units digit of f?
1
Let w(b) = 0*b - 4*b + 64 - 13 + 36. What is the units digit of w(0)?
7
Let c = -2538 + 5227. What is the units digit of c?
9
Suppose 0 = 5*g + 2*s - 15, 4 - 13 = -3*g + 4*s. Suppose -g = -2*k + 1. Suppose k*q - 6*q + 56 = 0. What is the units digit of q?
4
Let p be (-2)/6 - 46/6. Suppose -7*q + 2*q - 15 = 0. What is the units digit of p/q - (-9)/27?
3
Suppose 3*o - 661 = -2*y, 3*y - y - 2*o = 676. What is the units digit of y?
5
Suppose 16*i - 14*i - 586 = 0. What is the hundreds digit of i?
2
What is the units digit of 34*(1/(-8) - (-612)/32)?
6
Let u(l) = -2*l - 10. Let r be u(-6). Suppose -r*j - 2*n - 5 + 71 = 0, 0 = 5*j - n - 141. What is the units digit of j?
9
Let z(k) be the second derivative of -k**3/6 + 9*k**2 - 2*k. Let u be z(12). Let l = 5 + u. What is the units digit of l?
1
Suppose -4*q - 5*f + 476 = 0, -3*f + 0*f = 5*q - 595. Suppose -h + q = -110. What is the tens digit of h?
2
Suppose -2*q + 5*n = 3*q - 205, -174 = -4*q - n. What is the tens digit of q?
4
Let n(u) = 16*u + 419. What is the units digit of n(15)?
9
What is the thousands digit of (-2372)/(-14)*(-336)/(-12)?
4
Let w = -192 - -269. What is the units digit of w?
7
Let g(t) be the third derivative of -t**5/60 - t**4/3 + 3*t**3/2 - 7*t**2. Let n be g(-9). Suppose n = -2*h + 6*h - 180. What is the units digit of h?
5
What is the units digit of 32/(-160) - 1562/(-10)?
6
Let d(l) be the first derivative of -13*l - 6 - 2*l**2 + 1/4*l**4 + 13/3*l**3. What is the units digit of d(-13)?
9
Suppose -2*z + 6*b + 275 = b, -3*b = 5*z - 765. Suppose 4*a = z + 198. What is the tens digit of a?
8
Let w(q) = q**2 + q - 12. Let p be w(-10). Let n = p - 22. What is the tens digit of n?
5
Let c(q) = q - 2. Let d be c(-6). Let w be d/(-3 + 10/4). What is the units digit of w/56 + 38/14?
3
Suppose -5*x = -p + 80, 2*x - 133 = -2*p + 3*x. What is the tens digit of p?
6
Let n = 2 + -2. Suppose -2*k + 34 = -n*k. Let x = -11 + k. What is the units digit of x?
6
What is the units digit of 319/((69/(-92))/(6/(-4)))?
8
Suppose -d - r = -4*r + 7, r + 11 = -d. Let i be (-322)/d + 3/(-15). What is the units digit of 8/(-20) + i/5?
6
Suppose 77*o - 85*o + 1944 = 0. What is the tens digit of o?
4
Suppose 5 = -5*u, 0 = -3*r + 2*r - 2*u + 462. What is the units digit of r?
4
Let u(g) = -g**3 - 6*g**2 + 6*g + 10. Let i be u(-7). Let n be i + (-3)/3*3. What is the units digit of (-6)/(-21) - (-612)/n?
4
Suppose 3*d + 4 = 7. What is the tens digit of 2*(-69)/(-6) + d + 1?
2
Suppose 2 = -7*b - 5. Let z(l) = -174*l + 1. What is the hundreds digit of z(b)?
1
Let y be (-6)/(-33) + (-8)/44. Suppose -18 = -6*o + 2*o - 5*v, -2*o - v + 12 = y. What is the units digit of o?
7
Let q = -18 - -14. Let w(j) = -6*j. What is the tens digit of w(q)?
2
Let d be 3/(-13 + 15 + 337/(-169)). Suppose 3*s = 2*i - 68 + d, -s + 153 = i. What is the units digit of s?
9
Suppose 4*l = b + 4, 0 = 3*b + 7*l - 2*l - 22. What is the tens digit of ((-28)/b)/((-2)/6)?
2
Suppose -3*v - q = -3*q - 1308, 0 = -2*v + 6*q + 872. What is the hundreds digit of v?
4
Let x = -165 + 3687. What is the units digit of x?
2
Suppose 2*l = 4*r - 3970, -3*l = r - 7*l - 996. What is the hundreds digit of r?
9
What is the tens digit of (-1)/(-4) - ((-3651)/4 + -3)?
1
Let b(d) = -37*d**3 + 7*d**2 - 6*d - 45. What is the tens digit of b(-4)?
5
Let i(t) = -3*t**2 - 9. Let c be i(-5). Let n = -7 - c. What is the tens digit of n?
7
Let v(z) = 11*z**3 + 6*z**2 - z + 5. What is the tens digit of v(5)?
2
Suppose -32 = -4*a + 44. Let g = 6 - 0. Let q = a + g. What is the tens digit of q?
2
Let p(c) = -8*c - 10. Let m = -1 - -9. Let h be p(m). What is the tens digit of (7 - 12)*h/10?
3
Suppose -2*d + 22 = 62. Let b = -8 - d. What is the units digit of b?
2
What is the tens digit of ((-4098)/30)/((-3)/(-15)*-1)?
8
What is the thousands digit of 153/(((-88)/56)/(-11))?
1
Suppose